{"id":13,"date":"2021-03-08T09:33:07","date_gmt":"2021-03-08T08:33:07","guid":{"rendered":"https:\/\/www.paul-buecher.com\/boutique\/?post_type=product&#038;p=13"},"modified":"2026-02-04T22:44:10","modified_gmt":"2026-02-04T21:44:10","slug":"alsace-2020-75cl","status":"publish","type":"product","link":"https:\/\/www.paul-buecher.com\/boutique\/produit\/alsace-2020-75cl\/","title":{"rendered":"ALSACE 2023"},"content":{"rendered":"<p><strong>Vin sec<\/strong><\/p>\n<p><strong>Suggestions d&rsquo;association<\/strong><br \/>\nAp\u00e9ritif<br \/>\nPlats l\u00e9gers<br \/>\nSalade tha\u00ef, tarte \u00e0 l&rsquo;oignon<\/p>\n<p><strong>Contenance : 75cl<\/strong><\/p>\n","protected":false},"excerpt":{"rendered":"<p>Notre vision du vin d&rsquo;Alsace : un blanc sec\u00a0 au fruit\u00e9 exub\u00e9rant et \u00e0 la fraicheur d\u00e9salt\u00e9rante.<\/p>\n<p>Nous avons donc choisi d&rsquo;assembler Riesling, Muscat et Gewurztraminer pour donner naissance \u00e0 un Alsace fruit\u00e9 et floral. Un vin sec, ample et fringant !<\/p>\n","protected":false},"featured_media":16,"template":"","meta":[],"product_brand":[],"product_cat":[16],"product_tag":[],"class_list":{"0":"post-13","1":"product","2":"type-product","3":"status-publish","4":"has-post-thumbnail","6":"product_cat-expression-vins-dalsace","8":"first","9":"instock","10":"shipping-taxable","11":"purchasable","12":"product-type-simple"},"_links":{"self":[{"href":"https:\/\/www.paul-buecher.com\/boutique\/wp-json\/wp\/v2\/product\/13","targetHints":{"allow":["GET"]}}],"collection":[{"href":"https:\/\/www.paul-buecher.com\/boutique\/wp-json\/wp\/v2\/product"}],"about":[{"href":"https:\/\/www.paul-buecher.com\/boutique\/wp-json\/wp\/v2\/types\/product"}],"wp:featuredmedia":[{"embeddable":true,"href":"https:\/\/www.paul-buecher.com\/boutique\/wp-json\/wp\/v2\/media\/16"}],"wp:attachment":[{"href":"https:\/\/www.paul-buecher.com\/boutique\/wp-json\/wp\/v2\/media?parent=13"}],"wp:term":[{"taxonomy":"product_brand","embeddable":true,"href":"https:\/\/www.paul-buecher.com\/boutique\/wp-json\/wp\/v2\/product_brand?post=13"},{"taxonomy":"product_cat","embeddable":true,"href":"https:\/\/www.paul-buecher.com\/boutique\/wp-json\/wp\/v2\/product_cat?post=13"},{"taxonomy":"product_tag","embeddable":true,"href":"https:\/\/www.paul-buecher.com\/boutique\/wp-json\/wp\/v2\/product_tag?post=13"}],"curies":[{"name":"wp","href":"https:\/\/api.w.org\/{rel}","templated":true}]}}

<p><strong>Vin sec</strong></p>
<p><strong>Suggestions d&rsquo;association</strong><br />
Apéritif<br />
Plats légers<br />
Salade thaï, tarte à l&rsquo;oignon</p>
<p><strong>Contenance : 75cl</strong></p>

<p>Notre vision du vin d&rsquo;Alsace : un blanc sec  au fruité exubérant et à la fraicheur désaltérante.</p>
<p>Nous avons donc choisi d&rsquo;assembler Riesling, Muscat et Gewurztraminer pour donner naissance à un Alsace fruité et floral. Un vin sec, ample et fringant !</p>
