{"id":29,"date":"2021-03-08T10:06:56","date_gmt":"2021-03-08T09:06:56","guid":{"rendered":"https:\/\/www.paul-buecher.com\/boutique\/?post_type=product&#038;p=29"},"modified":"2026-02-04T22:42:41","modified_gmt":"2026-02-04T21:42:41","slug":"muscat-2023","status":"publish","type":"product","link":"https:\/\/www.paul-buecher.com\/boutique\/produit\/muscat-2023\/","title":{"rendered":"MUSCAT 2023"},"content":{"rendered":"<p><strong>Vin sec<\/strong><\/p>\n<p><strong>Suggestions d&rsquo;association<\/strong><br \/>\nAsperges<br \/>\nL\u00e9gumes vapeur, bouch\u00e9es de l\u00e9gumes<br \/>\nCarpaccio, poissons marin\u00e9s<\/p>\n<p><strong>Contenance : 75cl<\/strong><\/p>\n","protected":false},"excerpt":{"rendered":"<p>Tr\u00e8s parfum\u00e9, le Muscat rappelle le raisin frais par ses ar\u00f4mes fruit\u00e9s et sa bouche croquante. Ce blanc sec et aromatique est un merveilleux vin d\u2019ap\u00e9ritif.<\/p>\n","protected":false},"featured_media":57,"template":"","meta":[],"product_brand":[],"product_cat":[16],"product_tag":[],"class_list":{"0":"post-29","1":"product","2":"type-product","3":"status-publish","4":"has-post-thumbnail","6":"product_cat-expression-vins-dalsace","8":"first","9":"instock","10":"shipping-taxable","11":"purchasable","12":"product-type-simple"},"_links":{"self":[{"href":"https:\/\/www.paul-buecher.com\/boutique\/wp-json\/wp\/v2\/product\/29","targetHints":{"allow":["GET"]}}],"collection":[{"href":"https:\/\/www.paul-buecher.com\/boutique\/wp-json\/wp\/v2\/product"}],"about":[{"href":"https:\/\/www.paul-buecher.com\/boutique\/wp-json\/wp\/v2\/types\/product"}],"wp:featuredmedia":[{"embeddable":true,"href":"https:\/\/www.paul-buecher.com\/boutique\/wp-json\/wp\/v2\/media\/57"}],"wp:attachment":[{"href":"https:\/\/www.paul-buecher.com\/boutique\/wp-json\/wp\/v2\/media?parent=29"}],"wp:term":[{"taxonomy":"product_brand","embeddable":true,"href":"https:\/\/www.paul-buecher.com\/boutique\/wp-json\/wp\/v2\/product_brand?post=29"},{"taxonomy":"product_cat","embeddable":true,"href":"https:\/\/www.paul-buecher.com\/boutique\/wp-json\/wp\/v2\/product_cat?post=29"},{"taxonomy":"product_tag","embeddable":true,"href":"https:\/\/www.paul-buecher.com\/boutique\/wp-json\/wp\/v2\/product_tag?post=29"}],"curies":[{"name":"wp","href":"https:\/\/api.w.org\/{rel}","templated":true}]}}

<p><strong>Vin sec</strong></p>
<p><strong>Suggestions d&rsquo;association</strong><br />
Asperges<br />
Légumes vapeur, bouchées de légumes<br />
Carpaccio, poissons marinés</p>
<p><strong>Contenance : 75cl</strong></p>

<p>Très parfumé, le Muscat rappelle le raisin frais par ses arômes fruités et sa bouche croquante. Ce blanc sec et aromatique est un merveilleux vin d’apéritif.</p>
