{"id":31,"date":"2021-03-08T10:12:16","date_gmt":"2021-03-08T09:12:16","guid":{"rendered":"https:\/\/www.paul-buecher.com\/boutique\/?post_type=product&#038;p=31"},"modified":"2026-02-04T22:42:02","modified_gmt":"2026-02-04T21:42:02","slug":"gewurztraminer-2022-75cl","status":"publish","type":"product","link":"https:\/\/www.paul-buecher.com\/boutique\/produit\/gewurztraminer-2022-75cl\/","title":{"rendered":"GEWURZTRAMINER 2022"},"content":{"rendered":"<p><strong>Moelleux<\/strong><\/p>\n<p><strong>Suggestions d&rsquo;association<\/strong><br \/>\nTapas, Kougelhopf<br \/>\nPoissons avec sauce \u00e9pic\u00e9es, exotique ou bisque.<br \/>\nMunster affin\u00e9, maroilles, livarot<br \/>\nSalade de fruits frais<\/p>\n<p><strong>Contenance : 75cl<br \/>\n<\/strong>(disponible en 37.5cl)<\/p>\n","protected":false},"excerpt":{"rendered":"<p>Le plus exub\u00e9rant des vins d\u2019Alsace se reconnait \u00e0 son bouquet floral et exotique. Ce Gewurztraminer offre rondeur et l\u00e9g\u00e8ret\u00e9 en bouche. C\u2019est du velours !<\/p>\n","protected":false},"featured_media":21,"template":"","meta":[],"product_brand":[],"product_cat":[16],"product_tag":[],"class_list":{"0":"post-31","1":"product","2":"type-product","3":"status-publish","4":"has-post-thumbnail","6":"product_cat-expression-vins-dalsace","8":"first","9":"instock","10":"shipping-taxable","11":"purchasable","12":"product-type-simple"},"_links":{"self":[{"href":"https:\/\/www.paul-buecher.com\/boutique\/wp-json\/wp\/v2\/product\/31","targetHints":{"allow":["GET"]}}],"collection":[{"href":"https:\/\/www.paul-buecher.com\/boutique\/wp-json\/wp\/v2\/product"}],"about":[{"href":"https:\/\/www.paul-buecher.com\/boutique\/wp-json\/wp\/v2\/types\/product"}],"wp:featuredmedia":[{"embeddable":true,"href":"https:\/\/www.paul-buecher.com\/boutique\/wp-json\/wp\/v2\/media\/21"}],"wp:attachment":[{"href":"https:\/\/www.paul-buecher.com\/boutique\/wp-json\/wp\/v2\/media?parent=31"}],"wp:term":[{"taxonomy":"product_brand","embeddable":true,"href":"https:\/\/www.paul-buecher.com\/boutique\/wp-json\/wp\/v2\/product_brand?post=31"},{"taxonomy":"product_cat","embeddable":true,"href":"https:\/\/www.paul-buecher.com\/boutique\/wp-json\/wp\/v2\/product_cat?post=31"},{"taxonomy":"product_tag","embeddable":true,"href":"https:\/\/www.paul-buecher.com\/boutique\/wp-json\/wp\/v2\/product_tag?post=31"}],"curies":[{"name":"wp","href":"https:\/\/api.w.org\/{rel}","templated":true}]}}

<p><strong>Moelleux</strong></p>
<p><strong>Suggestions d&rsquo;association</strong><br />
Tapas, Kougelhopf<br />
Poissons avec sauce épicées, exotique ou bisque.<br />
Munster affiné, maroilles, livarot<br />
Salade de fruits frais</p>
<p><strong>Contenance : 75cl<br />
</strong>(disponible en 37.5cl)</p>

<p>Le plus exubérant des vins d’Alsace se reconnait à son bouquet floral et exotique. Ce Gewurztraminer offre rondeur et légèreté en bouche. C’est du velours !</p>
