{"id":52,"date":"2021-03-08T11:08:13","date_gmt":"2021-03-08T10:08:13","guid":{"rendered":"https:\/\/www.paul-buecher.com\/boutique\/?post_type=product&#038;p=52"},"modified":"2026-02-04T22:36:41","modified_gmt":"2026-02-04T21:36:41","slug":"grand-cru-hengst-gewurztraminer-2021-75cl","status":"publish","type":"product","link":"https:\/\/www.paul-buecher.com\/boutique\/produit\/grand-cru-hengst-gewurztraminer-2021-75cl\/","title":{"rendered":"Grand cru HENGST 2021  Gewurztraminer"},"content":{"rendered":"<p><strong>Vin moelleux<\/strong><\/p>\n<p><strong>Suggestions d&rsquo;association<\/strong><br \/>\nBouch\u00e9es ap\u00e9ritives sucr\u00e9-sal\u00e9es, salade de homard \u00e0 la mangue<br \/>\nPoularde r\u00f4tie aux fruits d&rsquo;hiver, magret de canard au miel, cuisine chinoise<br \/>\nFromages affin\u00e9s : maroilles, munster, livarot, roquefort<br \/>\nDessert aux fruits, entremets aux fruits exotiques<\/p>\n<p><strong>Contenance : 75cl<br \/>\n<\/strong>(disponible en 150cl)<\/p>\n","protected":false},"excerpt":{"rendered":"<p>Le Grand Cru Hengst est un coteau marno-calcaire qui surplombe Wintzenheim et Wettolsheim. Les sols lourds du Hengst donnent naissance \u00e0 des Gewurztraminer puissants et charpent\u00e9s qui gagnent en finesse et en \u00e9l\u00e9gance avec quelques ann\u00e9es de garde !<\/p>\n","protected":false},"featured_media":39,"template":"","meta":[],"product_brand":[],"product_cat":[17],"product_tag":[],"class_list":{"0":"post-52","1":"product","2":"type-product","3":"status-publish","4":"has-post-thumbnail","6":"product_cat-terroir-lieux-dits-et-grands-crus","8":"first","9":"instock","10":"shipping-taxable","11":"purchasable","12":"product-type-simple"},"_links":{"self":[{"href":"https:\/\/www.paul-buecher.com\/boutique\/wp-json\/wp\/v2\/product\/52","targetHints":{"allow":["GET"]}}],"collection":[{"href":"https:\/\/www.paul-buecher.com\/boutique\/wp-json\/wp\/v2\/product"}],"about":[{"href":"https:\/\/www.paul-buecher.com\/boutique\/wp-json\/wp\/v2\/types\/product"}],"wp:featuredmedia":[{"embeddable":true,"href":"https:\/\/www.paul-buecher.com\/boutique\/wp-json\/wp\/v2\/media\/39"}],"wp:attachment":[{"href":"https:\/\/www.paul-buecher.com\/boutique\/wp-json\/wp\/v2\/media?parent=52"}],"wp:term":[{"taxonomy":"product_brand","embeddable":true,"href":"https:\/\/www.paul-buecher.com\/boutique\/wp-json\/wp\/v2\/product_brand?post=52"},{"taxonomy":"product_cat","embeddable":true,"href":"https:\/\/www.paul-buecher.com\/boutique\/wp-json\/wp\/v2\/product_cat?post=52"},{"taxonomy":"product_tag","embeddable":true,"href":"https:\/\/www.paul-buecher.com\/boutique\/wp-json\/wp\/v2\/product_tag?post=52"}],"curies":[{"name":"wp","href":"https:\/\/api.w.org\/{rel}","templated":true}]}}