{"id":53,"date":"2021-03-08T11:10:07","date_gmt":"2021-03-08T10:10:07","guid":{"rendered":"https:\/\/www.paul-buecher.com\/boutique\/?post_type=product&#038;p=53"},"modified":"2025-01-26T21:48:06","modified_gmt":"2025-01-26T20:48:06","slug":"grand-cru-hengst-gewurztraminer-vt-2018-75cl","status":"publish","type":"product","link":"https:\/\/www.paul-buecher.com\/boutique\/produit\/grand-cru-hengst-gewurztraminer-vt-2018-75cl\/","title":{"rendered":"Grand cru HENGST 2018 Vendanges tardives  Gewurztraminer"},"content":{"rendered":"<p><strong>Vin doux<\/strong><\/p>\n<p><strong>Suggestions d&rsquo;association<\/strong><br \/>\nFoie gras accompagn\u00e9 d&rsquo;un chutney ou d&rsquo;une gel\u00e9e de fruits<br \/>\nFromages persill\u00e9s<br \/>\nDessert aux fruits jaunes, tarte tatin, cr\u00e8me catalane<\/p>\n<p><strong>Contenance : 75cl<br \/>\n<\/strong>(disponible en 37.5cl)<\/p>\n","protected":false},"excerpt":{"rendered":"<p>Le Grand Cru Hengst est un coteau marno-calcaire qui surplombe Wintzenheim et Wettolsheim.<br \/>\nLes Vendanges tardives du Grand Cru Hengst sont des vins liquoreux de grande concentration. Ils se d\u00e9finissent \u00e0 la fois par leur caract\u00e8re de surmaturit\u00e9 et par l\u2019empreinte du terroir : une alliance de puissance et finesse.<br \/>\nA d\u00e9guster d\u00e8s aujourd&rsquo;hui ou dans 20 ans !<\/p>\n","protected":false},"featured_media":129,"template":"","meta":[],"product_brand":[],"product_cat":[17],"product_tag":[],"class_list":{"0":"post-53","1":"product","2":"type-product","3":"status-publish","4":"has-post-thumbnail","6":"product_cat-terroir-lieux-dits-et-grands-crus","8":"first","9":"instock","10":"shipping-taxable","11":"purchasable","12":"product-type-simple"},"_links":{"self":[{"href":"https:\/\/www.paul-buecher.com\/boutique\/wp-json\/wp\/v2\/product\/53","targetHints":{"allow":["GET"]}}],"collection":[{"href":"https:\/\/www.paul-buecher.com\/boutique\/wp-json\/wp\/v2\/product"}],"about":[{"href":"https:\/\/www.paul-buecher.com\/boutique\/wp-json\/wp\/v2\/types\/product"}],"wp:featuredmedia":[{"embeddable":true,"href":"https:\/\/www.paul-buecher.com\/boutique\/wp-json\/wp\/v2\/media\/129"}],"wp:attachment":[{"href":"https:\/\/www.paul-buecher.com\/boutique\/wp-json\/wp\/v2\/media?parent=53"}],"wp:term":[{"taxonomy":"product_brand","embeddable":true,"href":"https:\/\/www.paul-buecher.com\/boutique\/wp-json\/wp\/v2\/product_brand?post=53"},{"taxonomy":"product_cat","embeddable":true,"href":"https:\/\/www.paul-buecher.com\/boutique\/wp-json\/wp\/v2\/product_cat?post=53"},{"taxonomy":"product_tag","embeddable":true,"href":"https:\/\/www.paul-buecher.com\/boutique\/wp-json\/wp\/v2\/product_tag?post=53"}],"curies":[{"name":"wp","href":"https:\/\/api.w.org\/{rel}","templated":true}]}}