{"id":60,"date":"2021-03-08T11:26:15","date_gmt":"2021-03-08T10:26:15","guid":{"rendered":"https:\/\/www.paul-buecher.com\/boutique\/?post_type=product&#038;p=60"},"modified":"2025-01-28T22:55:21","modified_gmt":"2025-01-28T21:55:21","slug":"vendanges-tardives-gewuretraminer-2018-75cl","status":"publish","type":"product","link":"https:\/\/www.paul-buecher.com\/boutique\/produit\/vendanges-tardives-gewuretraminer-2018-75cl\/","title":{"rendered":"VENDANGES TARDIVES Gewurztraminer 2018"},"content":{"rendered":"<p><strong>Vin doux<\/strong><\/p>\n<p><strong>Suggestions d&rsquo;association<\/strong><br \/>\nFoie gras accompagn\u00e9 d&rsquo;un chutney ou d&rsquo;une gel\u00e9e de fruits<br \/>\nFromages persill\u00e9s. Pain d&rsquo;\u00e9pices, petits g\u00e2teaux alsaciens.<br \/>\nDessert aux fruits jaunes, tarte tatin, cr\u00e8me catalane<\/p>\n<p><strong>Contenance : 75cl<\/strong><\/p>\n","protected":false},"excerpt":{"rendered":"<p>Les Vendanges Tardives sont issues de raisins r\u00e9colt\u00e9s en sur-maturit\u00e9 lorsque le climat de l&rsquo;automne est favorable. La concentration des baies en sucre et le d\u00e9veloppement de la pourriture noble apportent richesse et complexit\u00e9 \u00e0 ces vins moelleux. Leur bouquet s\u2019enrichit d\u2019ar\u00f4mes confits, exotiques, miell\u00e9s et \u00e9pic\u00e9s.<br \/>\nNotre Gewurztraminer vendanges tardives est un grand classique : nez explosif et exub\u00e9rant, bouche riche et voluptueuse.<\/p>\n","protected":false},"featured_media":64,"template":"","meta":[],"product_brand":[],"product_cat":[18],"product_tag":[],"class_list":{"0":"post-60","1":"product","2":"type-product","3":"status-publish","4":"has-post-thumbnail","6":"product_cat-prestige-vendanges-tardives-et-cremant-dalsace","8":"first","9":"instock","10":"shipping-taxable","11":"purchasable","12":"product-type-simple"},"_links":{"self":[{"href":"https:\/\/www.paul-buecher.com\/boutique\/wp-json\/wp\/v2\/product\/60","targetHints":{"allow":["GET"]}}],"collection":[{"href":"https:\/\/www.paul-buecher.com\/boutique\/wp-json\/wp\/v2\/product"}],"about":[{"href":"https:\/\/www.paul-buecher.com\/boutique\/wp-json\/wp\/v2\/types\/product"}],"wp:featuredmedia":[{"embeddable":true,"href":"https:\/\/www.paul-buecher.com\/boutique\/wp-json\/wp\/v2\/media\/64"}],"wp:attachment":[{"href":"https:\/\/www.paul-buecher.com\/boutique\/wp-json\/wp\/v2\/media?parent=60"}],"wp:term":[{"taxonomy":"product_brand","embeddable":true,"href":"https:\/\/www.paul-buecher.com\/boutique\/wp-json\/wp\/v2\/product_brand?post=60"},{"taxonomy":"product_cat","embeddable":true,"href":"https:\/\/www.paul-buecher.com\/boutique\/wp-json\/wp\/v2\/product_cat?post=60"},{"taxonomy":"product_tag","embeddable":true,"href":"https:\/\/www.paul-buecher.com\/boutique\/wp-json\/wp\/v2\/product_tag?post=60"}],"curies":[{"name":"wp","href":"https:\/\/api.w.org\/{rel}","templated":true}]}}