{"id":94,"date":"2021-04-07T08:39:09","date_gmt":"2021-04-07T06:39:09","guid":{"rendered":"https:\/\/www.paul-buecher.com\/boutique\/?post_type=product&#038;p=94"},"modified":"2026-02-04T22:29:38","modified_gmt":"2026-02-04T21:29:38","slug":"cremant-emotion-75cl","status":"publish","type":"product","link":"https:\/\/www.paul-buecher.com\/boutique\/produit\/cremant-emotion-75cl\/","title":{"rendered":"CR\u00c9MANT D&rsquo;ALSACE \u00c9motion"},"content":{"rendered":"<p><strong>Vin effervescent BRUT<\/strong><\/p>\n<p><strong>Suggestions d&rsquo;association<\/strong><br \/>\nFruits mers, huitres, poissons en sauce<br \/>\nVolailles ou viandes blanches<\/p>\n<p><strong>Contenance : 75cl<\/strong><\/p>\n","protected":false},"excerpt":{"rendered":"<p>Le Cr\u00e9mant d&rsquo;Alsace Emotion est \u00e9labor\u00e9 avec nos meilleures parcelles de chardonnay, pinot noir et pinot blanc. Cette cuv\u00e9e d&rsquo;exception, \u00e9lev\u00e9e 5 ans dans nos caves,\u00a0 est issue d&rsquo;une r\u00e9serve perp\u00e9tuelle commenc\u00e9e en 2012.<br \/>\nIl pr\u00e9sente une bulle tr\u00e8s fine, un nez \u00e9l\u00e9gant et complexe, une bouche vineuse, tonique et persistante. Il se destine \u00e0 l\u2019ap\u00e9ritif comme \u00e0 la table.<\/p>\n<p>&nbsp;<\/p>\n","protected":false},"featured_media":90,"template":"","meta":[],"product_brand":[],"product_cat":[18],"product_tag":[],"class_list":{"0":"post-94","1":"product","2":"type-product","3":"status-publish","4":"has-post-thumbnail","6":"product_cat-prestige-vendanges-tardives-et-cremant-dalsace","8":"first","9":"outofstock","10":"shipping-taxable","11":"purchasable","12":"product-type-simple"},"_links":{"self":[{"href":"https:\/\/www.paul-buecher.com\/boutique\/wp-json\/wp\/v2\/product\/94","targetHints":{"allow":["GET"]}}],"collection":[{"href":"https:\/\/www.paul-buecher.com\/boutique\/wp-json\/wp\/v2\/product"}],"about":[{"href":"https:\/\/www.paul-buecher.com\/boutique\/wp-json\/wp\/v2\/types\/product"}],"wp:featuredmedia":[{"embeddable":true,"href":"https:\/\/www.paul-buecher.com\/boutique\/wp-json\/wp\/v2\/media\/90"}],"wp:attachment":[{"href":"https:\/\/www.paul-buecher.com\/boutique\/wp-json\/wp\/v2\/media?parent=94"}],"wp:term":[{"taxonomy":"product_brand","embeddable":true,"href":"https:\/\/www.paul-buecher.com\/boutique\/wp-json\/wp\/v2\/product_brand?post=94"},{"taxonomy":"product_cat","embeddable":true,"href":"https:\/\/www.paul-buecher.com\/boutique\/wp-json\/wp\/v2\/product_cat?post=94"},{"taxonomy":"product_tag","embeddable":true,"href":"https:\/\/www.paul-buecher.com\/boutique\/wp-json\/wp\/v2\/product_tag?post=94"}],"curies":[{"name":"wp","href":"https:\/\/api.w.org\/{rel}","templated":true}]}}